 prime factors of h.
349
Let w be (3/(-9))/(((-16)/10380)/4). Suppose -39*h = -44*h + w. List the prime factors of h.
173
Suppose 1 = -2*p + 7. Let i(s) = -7*s**2 + 27*s**3 + 4*s**2 + s - 1 + p*s**2. What are the prime factors of i(1)?
3
Let t = 1379 + -649. What are the prime factors of t?
2, 5, 73
Let i = 3 + 4. What are the prime factors of (6/4)/(i/658)?
3, 47
Let g = 916 + -246. What are the prime factors of g?
2, 5, 67
Let h = -8 + 11. Suppose -4*y + 4*w + 28 = 0, 4*y + 4*w - h*w = 18. Suppose s + 5*o - 1 = y, -4*s + 41 = 3*o. What are the prime factors of s?
11
Let x(o) = o**2 + 9*o + 11. Let b be x(-8). What are the prime factors of ((-53)/b)/((-1)/3)?
53
Suppose -9*i = -7*i + 20. Let y be 28*1 + (-40)/i. List the prime factors of 471/12 + (-8)/y.
3, 13
Let z = 1381 + -811. What are the prime factors of (4/(-5))/(-5 - (-2844)/z)?
2, 19
Let l be 2/8 - (-38)/8. Suppose 3*x + 3*u - 2 = 1, x - 3*u = l. Suppose x*j - 12 = 10. What are the prime factors of j?
11
Suppose -15*n + 1505 = -10*n. List the prime factors of n.
7, 43
Let b be (76/(-133))/(0 - 2/14). Suppose 0*l - b*m = l - 41, 2*l + 4*m = 86. What are the prime factors of l?
3, 5
Let f(b) be the second derivative of 1/2*b**2 - 1/6*b**3 + 0 + 8*b + 1/6*b**4. List the prime factors of f(-2).
11
Let d(h) = -2*h - 4. Let i be d(-6). Suppose -i*v + 4*v = -92. What are the prime factors of v?
23
Let s be (12/4 - -3) + 0. Let d be 4/s - 7/(-3). Suppose 3*o + i + 0*i = 34, 4*o - d*i - 28 = 0. List the prime factors of o.
2, 5
What are the prime factors of (-23 - 271)*47/(-6)?
7, 47
Suppose -919 = -4*w + 1645. List the prime factors of w.
641
Let w = 14 - 10. Let n = w + -2. Suppose 5*k - 73 = n. What are the prime factors of k?
3, 5
Suppose 4*j - 6448 - 1406 = 2*m, -5*j + 9837 = 4*m. What are the prime factors of j?
3, 5, 131
Let y = -2204 + 4177. What are the prime factors of y?
1973
Suppose 5*v - 32 = 3. Suppose x - v = -0*x. What are the prime factors of x?
7
Let x = -1545 + 2818. List the prime factors of x.
19, 67
Let f(t) = t**3 + 4*t**2 + 18*t + 7. Let j be f(-6). List the prime factors of 3*j/(-2) + (-8)/(-16).
2, 5, 13
Let p(z) = z - 1. Let r be p(6). Suppose -50 = -r*m + 135. Let n = m - 23. What are the prime factors of n?
2, 7
Let v = 337 + -5. Let f = v + -234. What are the prime factors of f?
2, 7
List the prime factors of (-10)/((8/1100)/((-4)/20)).
5, 11
Let d(z) = -z**2 - 13*z - 11. Let a = 10 - 26. Let h be 20*(a/(-10) - 2). List the prime factors of d(h).
29
Let u(v) = -v**3 + 6*v**2 + 7*v + 4. Let f be u(7). Suppose f*m = 7 + 1. Suppose 6 = -2*g, q - 192 = -m*q + 5*g. List the prime factors of q.
59
Let x(r) = -179*r**3 - 5*r**2 - 4*r - 5. What are the prime factors of x(-2)?
5, 283
Let f(s) = s**3 + s - 6. Let h = 66 + -61. What are the prime factors of f(h)?
2, 31
Let r = 11 - -21. Suppose -k + 3*s + r = -2*s, -3*k + 156 = -3*s. What are the prime factors of k?
3, 19
Let g(i) = -i**3 + 8*i**2 - 11*i - 6. Let d be g(6). Suppose j = 5 - d. Suppose -260 = -j*u - 0*u. What are the prime factors of u?
2, 13
Let p = 13 - 17. Let h(j) = j**3 + 4*j**2 - 2*j - 2. List the prime factors of h(p).
2, 3
Suppose -29 = -4*x + r + 67, 4*r - 16 = 0. Suppose 2 = 3*o - x. Suppose -7*w - 54 = -o*w. List the prime factors of w.
3
Let t = -2 + 2. Suppose 0 = 3*v + 4*g - 390, -v - 3*g + 0 + 130 = t. List the prime factors of 3/4 - v/(-8).
17
What are the prime factors of 42 - (-11 + 12) - (0 - 1)?
2, 3, 7
Let p = 5165 - 3564. List the prime factors of p.
1601
Let d be -4*((252/(-8))/9)/(-1). List the prime factors of 1/((d/(-1162))/(0 - -1)).
83
Suppose 13*d = 9*d - b - 12, 8 = -d + b. What are the prime factors of ((-13)/d)/((-6)/(-312)) + 3?
2, 43
Suppose 85*k - 95*k = -1080. What are the prime factors of k?
2, 3
Let y(c) = 4 - 3*c**2 + 0*c**2 + c**2 + 32*c**3 - 3. Let t be y(-1). Let u = -12 - t. What are the prime factors of u?
3, 7
Suppose -7*k = -8*k - 3. Let w be 308/33 + (-2)/k. Suppose 3*l = 4*l - w. List the prime factors of l.
2, 5
List the prime factors of 24/15*(-20610)/(-36).
2, 229
Let s = -12 - -32. Suppose 5*z = z + s. List the prime factors of 10/z*42/4.
3, 7
Suppose 0 = -5*g - 3*t - 5, -3*g + t = 4 - 1. What are the prime factors of (-4*1/(-6))/(g/(-246))?
2, 41
Let x = 31 - 26. What are the prime factors of 252/(-15)*-2*x?
2, 3, 7
Suppose -5*x = -9*x + 16. Suppose -12 = -x*a - 0*a. Suppose b + 2*n = 21, 0*b - a*b = 5*n - 64. List the prime factors of b.
23
Suppose -23*c = -0*c - 3381. List the prime factors of c.
3, 7
Suppose -5*d - 11 = 4, 2*v = d + 7. Suppose 0 = 2*u - 16 + v. What are the prime factors of u/2*(15 + -9)?
3, 7
Let s = 241 + 3062. List the prime factors of s.
3, 367
Let n(a) = a - 6. Suppose 24 = 4*y - j, 4*y + j + 17 = 41. Let d be n(y). Let c(l) = -l**3 - l + 44. What are the prime factors of c(d)?
2, 11
Let q(b) = -b**2 + 5*b + 6. Let o be q(7). Let m(f) = 2*f**2 + 12*f + 20. What are the prime factors of m(o)?
2, 13
Suppose 0 = -2*d - s - 27, 3*s - 39 + 0 = 2*d. Suppose -4*z + 0*z + 56 = -4*m, -4*m - 5*z - 47 = 0. Let u = m - d. List the prime factors of u.
2
Suppose -2*w - 5*v = -48, -2*w + 3*v - 23 + 55 = 0. Suppose 2*c = 3*c - w. Suppose -16 = -r + c. What are the prime factors of r?
5, 7
Suppose -81*p - 1168 = -85*p. List the prime factors of p.
2, 73
Let v(o) = 5*o**2 - 37*o + 193. List the prime factors of v(24).
5, 19, 23
Let c(u) be the second derivative of -u**5/5 + 3*u**2 - 8*u. List the prime factors of c(-3).
2, 3, 19
Let y be -2*2/4 - -4. Suppose 5*m - y*n - 594 = 0, -2*m + 0*n = 3*n - 246. What are the prime factors of m?
2, 3, 5
Suppose -v + 2 = -0*v. Let z be 55 + (-2 + v)/(-4). Suppose 0 = 2*r - z + 11. What are the prime factors of r?
2, 11
Suppose -27*f + 308 = -43972. What are the prime factors of f?
2, 5, 41
Suppose 0 = -2*x - 3*p - 9, -17 = -x + 2*x + 4*p. Let a(r) = -13 + x - 8*r + 0*r. List the prime factors of a(-7).
2, 23
Let v be (15/(-10))/((-6)/8). Let y = v - -12. Let q = 45 - y. What are the prime factors of q?
31
Let z be (-2)/(-6) + (-117)/27. Let b(g) = -g**3 - 6*g**2 - 4*g - 4. Let j be b(-6). List the prime factors of 1*j - (3 + z).
3, 7
Suppose -4*x = -4*s, -s - 4*s + 4*x - 1 = 0. List the prime factors of s/6 + 637/42.
3, 5
Let p be ((-6)/(-9))/((-16)/936). Let j = -39 + 14. Let o = j - p. What are the prime factors of o?
2, 7
Suppose -204 = -3*n - 2*z + z, 0 = z - 3. Suppose 2*v - r = n, 0 = 3*r + 2*r - 15. List the prime factors of v.
5, 7
Let t(y) = -y**3 + 6*y**2 + 6*y + 2. Let d be t(7). Let h = d + 21. Suppose 4*s - h = -0*s. What are the prime factors of s?
2
Let l be 131/11 + (-4)/(-44). Suppose -14*b + 222 = v - l*b, -416 = -2*v + 3*b. List the prime factors of v.
2, 107
Suppose -3*b - b + 5*u + 92 = 0, 5*u = -b + 23. Let q = 28 - b. List the prime factors of q.
5
Suppose 0*p + p - 2*g - 1 = 0, 0 = -p - 3*g + 6. Suppose -5*d + z = -3*z - 1016, -p*z - 1012 = -5*d. Suppose 4*u - d = -u. What are the prime factors of u?
2, 5
Let t = -152 + 299. Let c = 64 - t. Let q = -50 - c. List the prime factors of q.
3, 11
Let m(t) = 5*t**2 + 21*t - 100. List the prime factors of m(-22).
2, 929
Suppose 5*z + 10 = -0. Let f be 2*(0 + 5/z). Let v(l) = -l + 3. List the prime factors of v(f).
2
What are the prime factors of 601 - (2 + (-12)/4)?
2, 7, 43
Let m(n) = -n**2 + 9*n - 11. Suppose -3*g = -6 - 15. Let u be m(g). Suppose -2*c - u*c = -235. List the prime factors of c.
47
Let r(u) = 3*u - 13. Let w be r(5). Suppose -38 + w = -4*i. List the prime factors of i.
3
Let o = 291 + -47. Let f be -3*o/(-12) - 2. Let i = f + -4. List the prime factors of i.
5, 11
Suppose -797 = -9*a + 841. List the prime factors of a.
2, 7, 13
Let j(t) = -12*t + 84. List the prime factors of j(-32).
2, 3, 13
Let z be (0 - 1)*(-6 + 1). Suppose 0 = z*p + 5*o - 45, 24 = 3*p - o - 11. List the prime factors of p.
11
Suppose 2*s = -2*s, -3*s = 2*h + 72. What are the prime factors of 6*58*(-6)/h?
2, 29
Let c(m) = m + 7. Let y = -3 - -11. Let i be c(y). Let o = i + 14. List the prime factors of o.
29
Let j be ((-6)/9)/(8/(-1812)). Suppose 5*c + 4*h = j, -2*c + 61 = -0*h + h. List the prime factors of c.
31
Let m be (9/(-2) + -1)/(1/4). Let l = 120 + m. What are the prime factors of l?
2, 7
Suppose -4*g + 9*g = 2*c + 12, -c - 5*g + 24 = 0. Suppos